 34 - 8 = 2*y. Let o(w) = w**3 - 6*w**2 + 3*w - 5. Let f be o(6). What is the greatest common factor of y and f?
13
Suppose 0 = -3*q + 45 + 63. Suppose o + o = -10, o - 35 = -5*j. Let g = j + 1. Calculate the highest common factor of g and q.
9
Let i be (39/12)/(3/12). Let q(v) = 7*v**2 - v - 4. Let n = -1 - -5. Let p be q(n). Calculate the greatest common divisor of i and p.
13
Let h = 95 - 80. What is the highest common factor of 15 and h?
15
Suppose -5*i = -53 + 3. Let w be (20/i)/(2/68). Calculate the highest common factor of 17 and w.
17
Let k(f) = -2*f**3 + f**2 - 1. Let w be k(-1). Suppose 4*x + 6 - w = 0. Let t be (x - -2)/((-2)/(-44)). What is the greatest common factor of 2 and t?
2
Let p be -1 - -3*16/12. Let m(z) = z - 4. Let r be m(7). Calculate the greatest common divisor of p and r.
3
Suppose 68 + 148 = 2*g. What is the greatest common divisor of 27 and g?
27
Let g(t) = t**2 + 6*t + 14. Let x be g(-6). Calculate the highest common factor of x and 21.
7
Suppose 4*n + 3*s - 437 = 0, 15*n + 2*s + 112 = 16*n. Calculate the greatest common divisor of 10 and n.
10
Let d be (-2)/(-4) - (-45)/10. Suppose d*b = 4*v - 6 - 33, 0 = 5*v - 4*b - 60. What is the highest common factor of v and 112?
16
Suppose y + 0*t = t + 161, 5*y = 3*t + 813. What is the greatest common divisor of 33 and y?
33
Let n(s) = 3*s**2 - 9*s + 33. Let w be n(9). What is the highest common factor of w and 15?
15
Let n be (-4)/(-18) + 1592/(-36). Let d be 2/8 + n/(-16). Suppose -24 = z - d*z. Calculate the highest common divisor of z and 60.
12
Let t(j) = -j + 4. Let k be t(-5). Suppose -18 = -7*b + 5*b. Calculate the highest common factor of k and b.
9
Suppose -3*n - u + 123 = 0, 0 = 2*n - 2*u - 102 + 28. What is the greatest common factor of 10 and n?
10
Suppose 5*k - 25 = -r, k - 108 = -3*r - 3*k. Let q(d) = -2*d. Let h be q(-5). Calculate the highest common factor of r and h.
10
Let g be (-3597)/(-27) + (-4)/18. Let q(t) = 2*t - 6. Let k be q(9). Let y be 231/k + 2/(-8). Calculate the highest common divisor of y and g.
19
Let a(t) = -104*t - 13. Let d be a(-2). Calculate the greatest common divisor of 39 and d.
39
Let j(q) = 10*q - 2. Let d be j(2). What is the highest common factor of 6 and d?
6
Let h(d) = d**3 + 8*d**2 - 2*d. Let o be h(-8). Calculate the highest common divisor of o and 56.
8
Let y(k) = -k**3 + 6*k**2 + 11*k - 6. Let t be y(7). Calculate the greatest common factor of 33 and t.
11
Let t be 34306/119 + 4/(-14). Calculate the highest common factor of t and 9.
9
Let y(f) = -5*f + 5*f + 4*f. Let c be y(6). Suppose -5*x - c = -k - 4*x, k - 5*x = 36. Calculate the highest common factor of k and 189.
21
Let f(i) = 5*i + 2. Let a be f(6). Let v = -6 + 14. Calculate the greatest common factor of v and a.
8
Let x(u) = u**2 - 8*u - 1. Let w be x(9). Let l be 22*(3 - 20/w). Calculate the highest common divisor of l and 33.
11
Let a be (2/(-3))/((-2)/15). Let o(m) = m**2 - 2. Let y be o(2). Suppose 0*w + y*w - 70 = 0. What is the greatest common divisor of w and a?
5
Let s = -4 + 188. Suppose 5*d - 48 - 67 = 0. What is the highest common divisor of d and s?
23
Let b be (-92)/(-6) + 2/(-6). What is the highest common divisor of b and 10?
5
Let q = -173 - -332. Let r be (-2)/(-6) - q/(-9). Calculate the highest common factor of r and 2.
2
Let c = -43 + 68. Calculate the greatest common divisor of 5 and c.
5
Let m be (29/((-1015)/84))/(6/(-260)). Suppose 0 = -3*i + 4*l + l + 59, 3*i + 5*l - 19 = 0. What is the highest common divisor of m and i?
13
Suppose 3*w = w + 128. Suppose 4*t + 20 = f + 2*t, w = 4*f - 4*t. What is the greatest common factor of f and 84?
12
Let w(a) = -12*a + 15. Let r be w(-16). What is the greatest common factor of r and 23?
23
Let x(y) = 8*y**2 - 6*y - 5. Let i be x(-4). Suppose i = -0*j + 3*j. Suppose -112 = -3*l - 91. Calculate the greatest common divisor of j and l.
7
Suppose 2*y - 173 = 7. Let h be -1*(-18 + (-2 - -2)). What is the highest common factor of y and h?
18
Let p be 44/(-3 + (-51)/(-15)). What is the highest common factor of 11 and p?
11
Let s(g) = 2*g**3 - 6*g**2 + 4*g + 1. Let y be s(5). Suppose -2*m + 19 = -y. Calculate the greatest common divisor of 28 and m.
14
Let z = -10 - -55. Suppose 4*g - z = -g. Suppose -4*v = 3*s - 36, -4*v + 4*s = -v - 2. Calculate the highest common factor of v and g.
3
Let l be 226/7 - 10/35. Calculate the highest common factor of l and 48.
16
Let d = -3 + 7. Let h be d/2*(-38)/(-4). Calculate the highest common divisor of h and 133.
19
Suppose -17 - 8 = -5*g. Suppose -g*t = -51 + 1. Calculate the greatest common factor of 90 and t.
10
Let r(l) be the second derivative of 31*l**4/6 + l**3/2 - l**2/2 + 6*l. Let w be r(1). Suppose 5 - 21 = -2*d. What is the highest common divisor of d and w?
8
Let c = 479 - 284. Suppose -c = -2*n - 5*x, 4*n + 2*x = x + 363. Let f = -63 + n. Calculate the highest common factor of 216 and f.
27
Let a be -5 - -7 - (2 + -13). What is the greatest common divisor of 26 and a?
13
Let j(g) = g. Let m(l) = -2*l + 12. Let x(d) = j(d) + m(d). Let u be x(5). What is the greatest common factor of u and 14?
7
Let r(u) = u**2 + 5*u + 1. Let m be r(-5). Suppose 6 = 5*g + m. Let v be 2 + (8 - 1) + g. Calculate the highest common factor of v and 5.
5
Suppose k + 4 = -0*k + 2*u, -5*k + 40 = 5*u. Calculate the greatest common divisor of 4 and k.
4
Let y(w) = w**2 - 10*w + 13. Let j be y(10). What is the highest common factor of j and 117?
13
Suppose -c - 108 = -s, 0*c + 108 = s + 2*c. Let z be ((-3)/5 - -3)*5. Calculate the greatest common divisor of s and z.
12
Let w be 2 + 2*2/(-2). Let c(z) = -z**2 + 11 + w + z + 1. Let v be c(0). Calculate the greatest common factor of v and 6.
6
Let t be -14*4*15/(-42). What is the highest common factor of 8 and t?
4
Let f = -6 + 16. Suppose 0 = -2*r - 4*p - 68, -4 = 2*p - 14. Let u = 26 - r. What is the greatest common divisor of u and f?
10
Suppose -2*s - 505 = -6*t + 3*t, 635 = 4*t + 5*s. Suppose 2 = l - 13. What is the highest common factor of t and l?
15
Let z(i) = -i**3 + i**2 + 6. Let o be z(0). Calculate the highest common factor of o and 2.
2
Let h be -4*((-5)/2 - -2). Suppose x + 15 = -h*c, 45 = -2*x - 3*x - 4*c. Let s be (-36)/(-15) + 2/x. What is the highest common factor of s and 3?
1
Let y(p) = 2*p + 3. Let f be y(4). Let k = -3 + f. What is the highest common divisor of 8 and k?
8
Suppose 0 = 4*u - 3*u - 20. Let r be ((-204)/(-10))/((-6)/(-20)). Let v = r - 18. Calculate the greatest common divisor of u and v.
10
Suppose -t + 3*d + 26 = -10, -d - 47 = -2*t. Let o be 297/44 + -2 + (-9)/(-4). What is the greatest common divisor of t and o?
7
Let x(z) = 7*z**2 + 2. Let k be x(-3). Suppose -f + 50 = 4*o + f, 4*o = -5*f + k. What is the greatest common factor of 90 and o?
10
Suppose 72 = -0*g + 3*g. Suppose 2 + 3 = f. Suppose 2*x = f*b - 360, x - 48 - g = -b. What is the highest common divisor of b and 12?
12
Let w(v) be the second derivative of v**4/12 + 5*v**3/3 + v**2 - 3*v. Let i be w(-10). Calculate the greatest common divisor of i and 8.
2
Let u = 15 + 1. Let x(f) = f**3 - 9*f**2 - 10*f + 5. Let w be x(10). Let g(s) = s - 1. Let n be g(w). Calculate the highest common factor of u and n.
4
Let q = 7 + -5. Suppose -q*m - 2 = -2*h, 0 = -2*m + h + 4*h - 17. Suppose 0 = 3*z - 3 - 3. Calculate the highest common factor of z and m.
2
Suppose -5*f + 3*d = -f - 2860, 2*f + 3*d - 1430 = 0. Suppose -u - f = -6*u. Suppose -a + 4 + 9 = 0. Calculate the greatest common divisor of a and u.
13
Let s be (-4)/(-2)*1 + 3. Let b be (1 - 0)*(-35)/(-1). What is the highest common factor of s and b?
5
Let j(o) = o + 6. Let a be j(-4). Let n be (3/2)/(a/56). Calculate the highest common factor of n and 14.
14
Let u be ((-7)/(-2))/((-1)/(-18)). Suppose s = -2*s + 21. Calculate the greatest common factor of u and s.
7
Let p be ((-2)/(-1))/((-6)/(-255)). What is the highest common factor of 34 and p?
17
Let h = -9 + 2. Let r = 3 + h. Let a be (-502)/(-10) + r/20. What is the highest common factor of 10 and a?
10
Let o be 5*(-2 + (-18)/(-5)). Calculate the greatest common factor of o and 72.
8
Suppose 5*m + 3*t - 5*t = 9, m = -t + 6. Let p be (-5 - 1) + m + 7. Calculate the greatest common divisor of p and 2.
2
Let l = 4 + -3. Let d = 25 - 21. Calcu